*v + 11. Is y(-5) composite?
True
Let u = 113061 + -55288. Is u composite?
False
Suppose -4*o - 41 = -3*r, 2*o - 2*r + 21 = 3. Let j = o + 17. Suppose j*v - 5*v = -130. Is v a composite number?
True
Suppose 5*n - 3290199 = -2*x, -9*x + 5*x - 4*n + 6580392 = 0. Is x prime?
False
Let b(a) = -a**2 + 34*a - 18. Let q be b(33). Suppose 11*k = q*k - 3596. Is k prime?
False
Suppose -3*g = g - 2*t - 172, -2*g + 96 = 4*t. Let v = -84 + g. Let h = v + 73. Is h composite?
True
Suppose 18 = -6*n - 6. Let r be n/(-16) + 7853/(-4). Let i = r + 2760. Is i composite?
False
Let w(q) = 0*q**3 - 4*q**2 + 4*q - 7 - 3*q - q**3. Let l be w(-5). Suppose 0 = 5*f - l*f + 3736. Is f prime?
True
Let o(f) = -4*f**2 + 2*f + 2. Let q be o(3). Let v = q - -28. Is 636 + 1 + v + 4 a prime number?
True
Is -1*(1 + -1) + (-4298605)/(-365) prime?
True
Let p be 2/5 + 1/(15/(-1806)). Let k be (1/(-3))/(10/p). Is (4 + 0)*619/k a composite number?
False
Suppose 2*y + 2*y = 4*g - 484, 4*y = -g - 469. Let r = y + 355. Is r a composite number?
True
Suppose 26*z + 6*z - 96 = 0. Suppose 3*f - 4*f + 4899 = 5*p, -5*f = -z*p + 2917. Is p a composite number?
True
Let w(b) = -43*b - 260. Let d be w(-16). Suppose 6495 - d = s. Is s a composite number?
False
Let p = -57 - -66. Suppose 4*j = -9 + p. Suppose j = -4*y + 883 + 9. Is y composite?
False
Suppose 13*j - 70 = 12*j. Let n = j + -62. Suppose 3*i = -n*i + 25663. Is i a prime number?
True
Suppose 4*g = 5*i - 296, 17*i - g - 239 = 13*i. Is ((-32649)/(-1))/(i/20) prime?
True
Let c = -60 - -63. Suppose 3*f + 0*f - c*t - 12801 = 0, f - 4275 = -t. Is f a composite number?
False
Let n(f) = -117*f - 86. Let q be n(-17). Suppose -2*r = -3*p - 2973 - q, 2*r - 4886 = -2*p. Is r a composite number?
False
Let b = -371040 - -612719. Is b a prime number?
True
Let m = -272 + 470. Let g = -165 + m. Is g a composite number?
True
Suppose 1237512 + 230291 = 21*s - 429610. Is s a prime number?
True
Suppose 0 = -y - 4*k - 16, 3*y + 1 + 11 = -3*k. Suppose 4*b = y, h + 76*b = 73*b + 1511. Is h a prime number?
True
Let q = 541787 + -318728. Is q a composite number?
True
Let p = 89 - 87. Suppose -p*i - 615 = -d, 2*d - 4*i - 3099 = -3*d. Suppose 6*l = 3*l + 4*m + d, 416 = 2*l - 3*m. Is l composite?
True
Suppose 2*z - 38 = -2*z + 2*s, 0 = -3*s - 9. Suppose -9*l = 10 + z. Is (2996 + 3)/(l - -3) prime?
True
Let u be 1 + 10/(0 + 5). Suppose -u*m = -2997 - 2166. Is m a composite number?
False
Suppose -3*v = 11*k - 7160182, 4*v - 9547047 = -19*k + 24*k. Is v a prime number?
True
Suppose 6*m - 4*m + 4*w + 3706 = 0, 2*m + 3751 = 5*w. Suppose 2252 - 10874 = -3*j. Let l = j + m. Is l composite?
True
Suppose 12 = -o - 2*w, 47 + 9 = -3*o - w. Let d be (-37792)/o - 1/(-5)*2. Suppose -d = -4*c - 214. Is c composite?
False
Let f(d) = d**2 + 12*d + 19. Let j be f(-9). Let t be (0 + 2)*j/(-4). Is (t*(-218)/4)/((-4)/2) composite?
False
Let p be -4 + (-15)/(-4 - (-3)/3). Is (446*23)/(1 + p) a prime number?
False
Suppose u = -3*u + 308. Let a = u + -74. Suppose -a*f - 2*n + 6996 = -n, -2*f + 4660 = 2*n. Is f prime?
True
Let r be -73 + 65 + 1*3440. Let j = 5351 - r. Is j prime?
False
Let p be ((-2401700)/(-5))/2 - -2. Let x be -4 + -3 + p + -3. Is x/130 + 4/(-10) composite?
False
Suppose 376478 + 14137 = 9*u - 114114. Is u composite?
False
Suppose -40*j + 28 = -12. Is (8 - 9/j) + (-5220)/(-3) prime?
False
Let y(c) = 33*c**3 - 77*c**2 - 5*c + 86. Is y(13) composite?
False
Suppose -28*z = -46*z - 5*z + 949417. Is z a composite number?
True
Let l = 3300 + -1381. Suppose -3*x = -4*x + l. Is x a prime number?
False
Suppose -125*a - 362560 = -695780 - 619405. Is a prime?
True
Suppose 3*o - 5*f - 31316 = 33625, 3*o - 64935 = 3*f. Suppose 104*x - o = 98*x. Is x a prime number?
True
Let m = 474 + 1167. Is (-2)/(-4)*10/3*m composite?
True
Let s(x) = 6*x**3 + x**2 - 1. Let l be s(1). Suppose -l*f + 2*f = 12. Let n(j) = -421*j - 10. Is n(f) composite?
True
Let j(b) = b**3 + 12*b**2 - 2*b + 7. Let t be j(-9). Suppose -t + 5132 = 4*c. Suppose -4*g + 100 = -c. Is g composite?
True
Let a(c) = -20*c - 4. Let q be a(-1). Let b(w) = -2 - 342*w - 229*w + q*w. Is b(-1) a composite number?
True
Suppose -5*l - 40 = -3*y - 11, y - 11 = 2*l. Suppose 0 = 4*k + 2 + 2, y*k = 5*a - 18. Suppose 5*o = -3*c + 16789, 0*c + a*c + 6 = 0. Is o composite?
False
Suppose -127*d + 16463454 = -85*d. Is d a prime number?
True
Let i be (-2 - -1)/((-53868)/6732 + 8). Let m = i + 626. Is m prime?
True
Suppose 0 = 28*w + 8*w - 72. Let q(m) = -m**2 + 4*m. Let b be q(4). Suppose b*s + w*s - 422 = 0. Is s composite?
False
Let l(p) be the third derivative of 191*p**6/60 - 5*p**4/24 + p**3/2 - 5*p**2 - 1. Is l(2) a prime number?
True
Suppose -62*z + 40*z = -453398. Is z composite?
True
Let r(d) = -d**3 - d**2 - 2. Let p(l) = -4*l**3 + l**2 - 32*l - 3. Let b(m) = p(m) - 6*r(m). Is b(14) composite?
False
Let o(w) = -w**2 - 6*w + 2. Let p be o(-3). Suppose -p*y + 16*y - 5 = 0. Suppose -5*k - 2*b = -933, 0 = 4*b + 5 - y. Is k a composite number?
True
Let o(j) = 12*j**2 - 3*j + 24. Let m be o(-15). Let t = m - 248. Is t a composite number?
False
Let v(l) = -425*l - 50. Let j(z) = -142*z - 17. Let x(r) = 10*j(r) - 3*v(r). Let d = 1742 - 1757. Is x(d) composite?
True
Suppose 52 = -10*f + 212. Suppose 4*j - f*j = -580188. Is j composite?
True
Let y(j) = 26*j - 41. Let b(r) = -4*r - 14. Let q be b(-3). Let d be ((4/(-3))/q)/(13/234). Is y(d) a composite number?
False
Let i = -14877 - -25968. Is i a prime number?
False
Let f be 2 + 70/7 + -10. Suppose 2*h + z - 8 = -0*z, -4*z = 0. Suppose h*k - f*k = 404. Is k a composite number?
True
Let v be (-2)/5 + (-69)/15 - -8. Is 13988/v + (-12)/(-36) composite?
False
Let a = -42 + 41. Let t be (4/(-8))/(a/9070). Suppose 12*l = 7*l + t. Is l composite?
False
Let o(u) = -u**3 + 39*u**2 + 37*u + 115. Let l be o(40). Is l + (14 + -6 - -538) prime?
True
Let g(l) = 2450*l**2 + 12*l + 21. Is g(5) prime?
True
Let d(j) be the second derivative of -j**5/20 + j**4 - 3*j**3/2 - 17*j**2/2 + 27*j. Let r be d(11). Suppose 0 = 4*v + r*v - 6759. Is v a prime number?
True
Suppose -17*k = -16*k - 3, 0 = f - 2*k - 156001. Is f a prime number?
True
Let k = -174655 + 645568. Is k a composite number?
True
Suppose 64*o = 129*o - 579605. Is o a prime number?
False
Let x be ((-2)/(-4) + 0)/(79/2528). Let a(q) = q**3 + 2*q**2 + 19*q - 3. Is a(x) prime?
True
Let d(p) = 3611*p**2 - 11*p - 51. Is d(-4) a prime number?
False
Suppose 14*x - 1222 = 12*x. Let u(j) = -359*j - 1. Let h be u(1). Let b = x + h. Is b composite?
False
Is (0 + -4 + (-8239883)/(-68))/((-12)/(-80)) prime?
False
Let k be 8958/4 - 5/(-10). Let u = k - -15. Suppose -5*r + 8*v - 3*v = -3765, -v - u = -3*r. Is r composite?
False
Suppose -2*v + 741756 = 10*v - 0*v. Is v a prime number?
True
Suppose -10407 + 91922 = 85*k. Is k a prime number?
False
Let s(b) = b**3 - 3*b**2 - b + 5. Let t = 136 - 141. Let l be s(t). Let u = 193 - l. Is u a prime number?
True
Suppose -290*v = -285*v - 10. Is v/(-5) + (-11811)/(-15) a prime number?
True
Let q be (-212)/3*(17 - 14). Is (1/(-3) + 390/(-72))*q a prime number?
False
Let t = -3076 - -6298. Let v = t + -1171. Is v prime?
False
Suppose 72 = 3*y - 7*w + 2*w, 0 = 2*y - w - 55. Suppose 173 = -3*o + y. Is o/(-3) - ((-12)/3 + 1) prime?
True
Let p = -135939 + 256768. Is p a composite number?
False
Suppose -5*d + 595464 - 3104550 = -4*l, l = -16*d + 627237. Is l prime?
True
Suppose -97 + 41 = 8*t. Let a(u) = 30*u**2 - 11*u + 14. Is a(t) prime?
False
Suppose 15*z - 120 = 5*z. Let l(v) = -v**3 - 17*v**2 - 16*v + 6. Let n be l(-16). Is 1/n - (-1066)/z a prime number?
True
Suppose -12*v + 110030 = 12*v - 14*v. Is v prime?
True
Suppose 16 = v + 27. Let i(n) = n**2 + 8*n + 17. Let g be i(v). Suppose w + 3*h - 345 = -g, 0 = 3*h. Is w a composite number?
True
Let a(y) = -712*y**3 - 10*y**2 - 96*y - 81. Is a(-7) composite?
True
Let w = 2210 - 4835. Let g be -3709 + 6/(3 + 0). Let x = w - g. Is x composite?
True
Suppose 4*t = -73*r + 77*r - 468, 5*t = -4*r + 504. Is r composite?
True
Suppose 0 = -249*m + 250*m. Is (156/13 - 15) + (m - -12476) a composite number?
False
Let k(h) be the first derivative of 467*h**3/3 - 23*h**2/2 - 83*h - 23. Is k(-5) composite?
True
Let a be -2 - (-3 - -1 - 12954). Suppose 11*l - 17*l = -a. Is l composite?
True
L